mmon factor of 38 and 361.
19
Calculate the greatest common factor of 266 and 10.
2
What is the highest common factor of 4852 and 12?
4
Calculate the greatest common divisor of 517 and 11.
11
What is the greatest common factor of 27 and 2052?
27
What is the highest common divisor of 220 and 385?
55
What is the greatest common divisor of 4 and 32036?
4
What is the greatest common divisor of 66 and 858?
66
What is the highest common divisor of 2346 and 153?
51
What is the greatest common divisor of 1178 and 494?
38
Calculate the greatest common factor of 41 and 13.
1
Calculate the greatest common divisor of 1758 and 12.
6
Calculate the highest common divisor of 1536 and 12.
12
What is the highest common factor of 804 and 335?
67
What is the greatest common factor of 12 and 108?
12
Calculate the highest common divisor of 509 and 1.
1
What is the greatest common factor of 147 and 15?
3
Calculate the highest common factor of 457 and 2.
1
Calculate the highest common divisor of 264 and 506.
22
Calculate the greatest common factor of 11 and 8261.
11
Calculate the highest common divisor of 19580 and 40.
20
What is the highest common divisor of 8468 and 116?
116
What is the greatest common divisor of 20 and 32?
4
Calculate the greatest common divisor of 1 and 521.
1
What is the highest common factor of 210 and 18?
6
What is the highest common divisor of 1802 and 68?
34
Calculate the highest common factor of 1560 and 4800.
120
Calculate the greatest common factor of 93 and 5890.
31
Calculate the highest common divisor of 35 and 435.
5
Calculate the greatest common factor of 979 and 11.
11
Calculate the greatest common factor of 91 and 4823.
91
What is the highest common factor of 63844 and 22?
22
Calculate the greatest common divisor of 2256 and 12.
12
Calculate the greatest common factor of 1581 and 93.
93
What is the greatest common factor of 336 and 176?
16
What is the greatest common divisor of 738 and 18?
18
Calculate the highest common divisor of 549 and 6222.
183
Calculate the greatest common divisor of 185 and 74.
37
What is the highest common factor of 66 and 957?
33
What is the highest common divisor of 190 and 304?
38
What is the greatest common factor of 7491 and 33?
33
Calculate the highest common factor of 153 and 2244.
51
Calculate the greatest common divisor of 8 and 4056.
8
Calculate the greatest common factor of 74 and 4181.
37
What is the greatest common divisor of 2907 and 1292?
323
What is the highest common factor of 13 and 533?
13
Calculate the greatest common divisor of 272 and 48.
16
Calculate the greatest common divisor of 4042 and 47.
47
What is the greatest common factor of 6330 and 45?
15
Calculate the highest common factor of 684 and 152.
76
Calculate the greatest common factor of 385 and 5.
5
Calculate the greatest common divisor of 153 and 225.
9
What is the greatest common divisor of 441 and 49?
49
What is the greatest common divisor of 47 and 517?
47
What is the highest common divisor of 21760 and 425?
85
What is the greatest common divisor of 29 and 2?
1
What is the highest common factor of 429 and 1053?
39
Calculate the greatest common factor of 3136 and 42.
14
Calculate the greatest common divisor of 18 and 171.
9
What is the highest common factor of 536 and 32?
8
What is the greatest common divisor of 51 and 12?
3
Calculate the greatest common factor of 1880 and 799.
47
What is the greatest common divisor of 45 and 3105?
45
Calculate the highest common divisor of 2321 and 77.
11
What is the highest common factor of 357 and 168?
21
Calculate the greatest common factor of 21 and 623.
7
Calculate the greatest common factor of 231 and 330.
33
What is the highest common factor of 238 and 14?
14
What is the highest common divisor of 7 and 21161?
7
What is the greatest common divisor of 80 and 16040?
40
What is the greatest common divisor of 27 and 459?
27
Calculate the greatest common factor of 266 and 182.
14
What is the highest common factor of 169 and 39?
13
What is the greatest common factor of 1365 and 1095?
15
What is the highest common factor of 135 and 5?
5
What is the greatest common factor of 56 and 3360?
56
Calculate the highest common factor of 45 and 40.
5
What is the highest common factor of 4539 and 102?
51
Calculate the highest common divisor of 114 and 190.
38
Calculate the greatest common factor of 40 and 4160.
40
Calculate the greatest common factor of 845 and 10.
5
Calculate the greatest common factor of 55 and 1782.
11
Calculate the highest common divisor of 202 and 1919.
101
What is the greatest common divisor of 272 and 16?
16
What is the highest common divisor of 2077 and 62?
31
What is the greatest common divisor of 640 and 64?
64
What is the greatest common factor of 90 and 27?
9
Calculate the greatest common factor of 1604 and 4.
4
What is the highest common divisor of 2328 and 192?
24
What is the highest common factor of 1380 and 48?
12
What is the highest common divisor of 620 and 1612?
124
Calculate the highest common divisor of 246 and 90.
6
What is the greatest common factor of 50 and 130?
10
What is the greatest common factor of 24 and 132?
12
Calculate the highest common factor of 78 and 1066.
26
What is the greatest common divisor of 75 and 6225?
75
Calculate the highest common factor of 268 and 49580.
268
Calculate the highest common divisor of 153 and 10251.
153
Calculate the highest common divisor of 4264 and 574.
82
What is the greatest common factor of 12123 and 135?
27
Calculate the greatest common divisor of 8428 and 490.
98
Calculate the greatest common divisor of 24 and 924.
12
Calculate the highest common factor of 850 and 153.
17
What is the highest common factor of 40 and 104?
8
What is the highest common divisor of 364 and 52?
52
What is the highest common divisor of 675 and 100?
25
What is the greatest common factor of 16 and 2896?
16
Calculate the greatest common factor of 152 and 190.
38
Calculate the highest common divisor of 428 and 535.
107
What is the highest common divisor of 48 and 10704?
48
Calculate the highest common divisor of 114 and 29811.
57
What is the greatest common divisor of 22382 and 62?
62
Calculate the greatest common divisor of 320 and 3800.
40
Calculate the highest common divisor of 19 and 2736.
19
What is the highest common factor of 45 and 1020?
15
Calculate the greatest common factor of 48 and 10692.
12
What is the highest common divisor of 28 and 7?
7
Calculate the greatest common divisor of 360 and 1000.
40
What is the greatest common factor of 32 and 402?
2
Calculate the highest common factor of 957 and 29.
29
Calculate the greatest common divisor of 333 and 3.
3
What is the highest common divisor of 638 and 154?
22
Calculate the highest common divisor of 720 and 270.
90
Calculate the greatest common divisor of 4142 and 872.
218
Calculate the highest common divisor of 141 and 141.
141
What is the highest common factor of 258 and 473?
43
What is the highest common factor of 402 and 258?
6
What is the greatest common factor of 923 and 213?
71
Calculate the highest common factor of 45 and 3924.
9
Calculate the highest common factor of 250 and 40.
10
Calculate the highest common factor of 29 and 29.
29
Calculate the greatest common divisor of 108 and 1752.
12
Calculate the greatest common factor of 240 and 4740.
60
What is the greatest common divisor of 132 and 308?
44
What is the greatest common divisor of 7805 and 446?
223
What is the highest common divisor of 1365 and 378?
21
Calculate the highest common divisor of 10 and 2.
2
Calculate the highest common divisor of 71 and 497.
71
Calculate the greatest common factor of 2196 and 36.
36
What is the highest common divisor of 55 and 1650?
55
What is the highest common factor of 3110 and 30?
10
What is the highest common divisor of 32 and 5536?
32
What is the highest common divisor of 396 and 36?
36
Calculate the greatest common divisor of 720 and 2448.
144
What is the highest common factor of 119 and 238?
119
What is the greatest common factor of 42 and 78?
6
Calculate the greatest common factor of 20 and 5380.
20
What is the highest common factor of 7 and 133?
7
What is the highest common divisor of 611 and 47?
47
Calculate the highest common divisor of 438 and 6.
6
Calculate the greatest co